{"id":32,"date":"2025-03-17T18:42:39","date_gmt":"2025-03-17T18:42:39","guid":{"rendered":"https:\/\/umbella.pl\/?page_id=32"},"modified":"2025-10-13T20:32:39","modified_gmt":"2025-10-13T20:32:39","slug":"kojarzenie-par","status":"publish","type":"page","link":"https:\/\/umbella.pl\/index.php\/kojarzenie-par\/","title":{"rendered":"Kojarzenie par"},"content":{"rendered":"\n<figure class=\"wp-block-image aligncenter size-full\"><img loading=\"lazy\" decoding=\"async\" width=\"512\" height=\"208\" src=\"http:\/\/umbella.pl\/wp-content\/uploads\/2025\/03\/swatka.png\" alt=\"\" class=\"wp-image-113\" srcset=\"https:\/\/umbella.pl\/wp-content\/uploads\/2025\/03\/swatka.png 512w, https:\/\/umbella.pl\/wp-content\/uploads\/2025\/03\/swatka-300x122.png 300w\" sizes=\"auto, (max-width: 512px) 100vw, 512px\" \/><\/figure>\n\n\n\n<p>S.W.A.T. to miejsce, w kt\u00f3rym pomagamy odnale\u017a\u0107 prawdziw\u0105 i trwa\u0142\u0105 mi\u0142o\u015b\u0107, zbudowa\u0107 warto\u015bciowe relacje oparte na wzajemnym zrozumieniu, obop\u00f3lnych do\u015bwiadczeniach i zainteresowaniach. Nasza profesjonalna i dyskretna obs\u0142uga jest skierowana do os\u00f3b, kt\u00f3re pragn\u0105 \u201epoczu\u0107 chemi\u0119\u201d, znale\u017a\u0107 partnera do sta\u0142ego zwi\u0105zku lub do\u017cywotniej przyja\u017ani, ale nie maj\u0105 czasu ani ch\u0119ci anga\u017cowania si\u0119 w przypadkowe znajomo\u015bci i surfowanie po aplikacjach randkowych.<\/p>\n\n\n\n<p>Dzi\u0119ki indywidualnemu podej\u015bciu do ka\u017cdego klienta poznajemy jego oczekiwania, temperament, warto\u015bci, a tak\u017ce tajemnice osobowo\u015bci, maj\u0105ce kluczowe znaczenie w doborze i dopasowaniu idealnego partnera. Zapewniamy wsparcie na ka\u017cdym etapie: od pierwszego spotkania &#8211; konsultacji, pomoc w aran\u017cacji randek, a\u017c po towarzyszenie we wa\u017cnych chwilach.<\/p>\n\n\n\n<p>Zach\u0119camy do kontaktu. Koszty wsp\u00f3\u0142pracy ustalamy indywidualnie.<\/p>\n\n\n\n<p>Oferta:<\/p>\n\n\n\n<ul class=\"wp-block-list\">\n<li>dopasowanie partnera<\/li>\n<\/ul>\n\n\n\n<ul class=\"wp-block-list\">\n<li>terapia psychoseksuologiczna<\/li>\n<\/ul>\n\n\n\n<ul class=\"wp-block-list\">\n<li>prze\u0142amywanie lod\u00f3w<\/li>\n<\/ul>\n\n\n\n<ul class=\"wp-block-list\">\n<li>pe\u0142na dyskrecja<\/li>\n<\/ul>\n\n\n\n<ul class=\"wp-block-list\">\n<li>zwi\u0119kszenie pewno\u015bci siebie<\/li>\n<\/ul>\n\n\n\n<p>Rejestracja: <a href=\"mailto: swat@umbella.pl\">swat@umbella.pl<\/a><\/p>\n\n\n\n<p><\/p>\n","protected":false},"excerpt":{"rendered":"<p>S.W.A.T. to miejsce, w kt\u00f3rym pomagamy odnale\u017a\u0107 prawdziw\u0105 i trwa\u0142\u0105 mi\u0142o\u015b\u0107, zbudowa\u0107 warto\u015bciowe relacje oparte na wzajemnym zrozumieniu, obop\u00f3lnych do\u015bwiadczeniach i zainteresowaniach. Nasza profesjonalna i dyskretna obs\u0142uga jest skierowana do os\u00f3b, kt\u00f3re pragn\u0105 \u201epoczu\u0107 chemi\u0119\u201d, znale\u017a\u0107 partnera do sta\u0142ego zwi\u0105zku lub do\u017cywotniej przyja\u017ani, ale nie maj\u0105 czasu ani ch\u0119ci anga\u017cowania si\u0119 w przypadkowe znajomo\u015bci i [&hellip;]<\/p>\n","protected":false},"author":1,"featured_media":0,"parent":0,"menu_order":0,"comment_status":"closed","ping_status":"closed","template":"","meta":{"footnotes":""},"class_list":["post-32","page","type-page","status-publish","hentry"],"_links":{"self":[{"href":"https:\/\/umbella.pl\/index.php\/wp-json\/wp\/v2\/pages\/32","targetHints":{"allow":["GET"]}}],"collection":[{"href":"https:\/\/umbella.pl\/index.php\/wp-json\/wp\/v2\/pages"}],"about":[{"href":"https:\/\/umbella.pl\/index.php\/wp-json\/wp\/v2\/types\/page"}],"author":[{"embeddable":true,"href":"https:\/\/umbella.pl\/index.php\/wp-json\/wp\/v2\/users\/1"}],"replies":[{"embeddable":true,"href":"https:\/\/umbella.pl\/index.php\/wp-json\/wp\/v2\/comments?post=32"}],"version-history":[{"count":9,"href":"https:\/\/umbella.pl\/index.php\/wp-json\/wp\/v2\/pages\/32\/revisions"}],"predecessor-version":[{"id":176,"href":"https:\/\/umbella.pl\/index.php\/wp-json\/wp\/v2\/pages\/32\/revisions\/176"}],"wp:attachment":[{"href":"https:\/\/umbella.pl\/index.php\/wp-json\/wp\/v2\/media?parent=32"}],"curies":[{"name":"wp","href":"https:\/\/api.w.org\/{rel}","templated":true}]}}